 divisor of 2583 and 96516.
63
Calculate the highest common factor of 105925 and 19.
19
Calculate the greatest common divisor of 634 and 2076350.
634
What is the highest common divisor of 620659 and 221?
13
What is the greatest common factor of 18 and 6352092?
18
What is the greatest common factor of 20382 and 7482?
258
Calculate the highest common factor of 108800 and 13328.
272
What is the greatest common divisor of 326 and 123228?
326
What is the greatest common divisor of 9418 and 134622?
554
Calculate the highest common factor of 225777 and 3876.
969
Calculate the highest common divisor of 1926 and 513.
9
Calculate the greatest common factor of 4230 and 11790.
90
Calculate the greatest common factor of 96 and 7804.
4
Calculate the greatest common divisor of 144 and 341874.
18
Calculate the highest common factor of 33584 and 72.
8
Calculate the highest common factor of 113 and 39437.
113
What is the greatest common divisor of 833104 and 72?
8
What is the highest common factor of 1866325 and 25?
25
Calculate the highest common divisor of 15253 and 63.
7
Calculate the highest common divisor of 1008 and 72288.
144
Calculate the highest common factor of 874 and 92796.
38
What is the highest common factor of 241 and 3256151?
241
What is the greatest common factor of 790 and 170?
10
Calculate the highest common divisor of 789 and 811881.
789
Calculate the greatest common divisor of 9625 and 174405.
385
What is the highest common divisor of 273 and 67249?
91
Calculate the greatest common divisor of 2136584 and 387.
43
What is the greatest common factor of 2 and 17558?
2
What is the greatest common factor of 976 and 50?
2
Calculate the greatest common factor of 1735 and 100283.
347
Calculate the greatest common divisor of 280158 and 318.
318
Calculate the highest common divisor of 8 and 1532056.
8
Calculate the highest common factor of 1481050 and 1900.
950
What is the greatest common factor of 5 and 642745?
5
What is the highest common divisor of 15839 and 893?
47
Calculate the highest common divisor of 6365677 and 43.
43
What is the greatest common divisor of 7893 and 9?
9
What is the highest common divisor of 11050 and 42874?
442
Calculate the highest common divisor of 11948 and 10712.
412
Calculate the greatest common divisor of 242590 and 30.
10
Calculate the greatest common factor of 250 and 5570.
10
Calculate the greatest common divisor of 7072 and 94656.
544
What is the greatest common factor of 41 and 412829?
41
Calculate the highest common divisor of 74 and 1478.
2
What is the greatest common divisor of 373752 and 72?
72
What is the greatest common factor of 6640 and 320?
80
What is the highest common divisor of 540 and 1785510?
270
Calculate the highest common factor of 385 and 354431.
77
Calculate the highest common factor of 7232 and 1216.
64
What is the greatest common divisor of 12459 and 9?
3
What is the greatest common divisor of 1329 and 286621?
443
What is the greatest common factor of 26149 and 300217?
331
Calculate the highest common divisor of 2 and 1021.
1
Calculate the highest common factor of 94509 and 198.
9
What is the highest common divisor of 8904 and 180432?
168
What is the greatest common divisor of 18569 and 217?
31
Calculate the greatest common factor of 1919 and 9797.
101
Calculate the highest common divisor of 1640008 and 232.
232
Calculate the highest common divisor of 64 and 352736.
32
What is the greatest common factor of 5885 and 143?
11
What is the greatest common factor of 20 and 32140?
20
Calculate the greatest common factor of 3280699 and 31.
31
Calculate the highest common divisor of 87661 and 7.
7
What is the highest common divisor of 18 and 5556?
6
What is the greatest common divisor of 82296 and 31428?
324
Calculate the greatest common factor of 206 and 106502.
206
What is the greatest common factor of 1708 and 50874?
122
What is the highest common divisor of 564 and 1263?
3
What is the greatest common divisor of 851 and 178562?
37
Calculate the greatest common factor of 3241 and 511.
7
What is the highest common divisor of 48 and 1026456?
24
What is the highest common factor of 66789 and 5535?
369
What is the greatest common factor of 388 and 4?
4
Calculate the greatest common factor of 3885 and 174048.
777
What is the highest common divisor of 739608 and 24?
24
Calculate the highest common factor of 120 and 3144.
24
Calculate the highest common divisor of 569656 and 1736.
248
Calculate the greatest common factor of 2180340 and 180.
180
Calculate the greatest common factor of 1891 and 13934779.
1891
Calculate the greatest common factor of 693 and 8661114.
693
What is the greatest common divisor of 168141 and 246?
123
Calculate the highest common factor of 584 and 32.
8
Calculate the highest common divisor of 170209 and 247.
13
What is the highest common factor of 51 and 14739?
51
Calculate the highest common divisor of 6936 and 40494.
102
Calculate the highest common factor of 13916884 and 148.
148
Calculate the greatest common factor of 762 and 648.
6
Calculate the highest common divisor of 112 and 42070.
14
What is the greatest common factor of 112 and 9472?
16
Calculate the highest common factor of 234 and 13914.
18
Calculate the greatest common divisor of 1 and 6139.
1
What is the greatest common divisor of 499 and 1628237?
499
What is the greatest common divisor of 360 and 33720?
120
Calculate the highest common factor of 34 and 869261.
17
What is the greatest common factor of 23264 and 324242?
1454
Calculate the greatest common divisor of 2065 and 58485.
35
Calculate the greatest common divisor of 51121 and 13601.
469
What is the greatest common divisor of 174 and 667?
29
Calculate the greatest common factor of 1312753 and 13.
13
Calculate the greatest common divisor of 336 and 11991.
21
Calculate the highest common divisor of 1885704 and 24.
24
Calculate the greatest common divisor of 33 and 1408.
11
Calculate the greatest common factor of 27666 and 159.
159
What is the highest common factor of 1536 and 588?
12
Calculate the highest common factor of 18093 and 1517.
37
What is the greatest common factor of 4739 and 91?
7
What is the greatest common factor of 145691 and 26?
13
Calculate the greatest common divisor of 7377733 and 506.
253
What is the greatest common factor of 67913 and 452?
113
What is the greatest common factor of 42544 and 112?
16
Calculate the highest common divisor of 16296 and 3.
3
Calculate the greatest common divisor of 321 and 93839.
107
Calculate the greatest common factor of 294438 and 930.
186
Calculate the greatest common divisor of 963 and 211753.
107
What is the highest common divisor of 117 and 1993875?
39
What is the greatest common divisor of 11 and 190388?
11
What is the highest common factor of 10108 and 152?
76
What is the highest common factor of 1894 and 1135453?
947
Calculate the highest common factor of 27280 and 14.
2
What is the highest common divisor of 457 and 3680221?
457
What is the greatest common divisor of 9006 and 24?
6
Calculate the highest common factor of 20892 and 2556.
12
What is the greatest common divisor of 405 and 430035?
15
What is the highest common divisor of 116750 and 2500?
250
Calculate the highest common divisor of 149037 and 3624.
453
Calculate the greatest common divisor of 3349 and 12608.
197
What is the greatest common factor of 195 and 1034085?
195
Calculate the highest common factor of 3040 and 110.
10
Calculate the greatest common factor of 2970 and 23430.
330
Calculate the greatest common divisor of 216 and 204736.
8
What is the greatest common divisor of 256 and 144?
16
What is the highest common factor of 175 and 9947?
7
What is the greatest common divisor of 145971 and 147?
147
Calculate the highest common factor of 11768448 and 768.
384
What is the greatest common divisor of 8 and 74476?
4
What is the highest common factor of 10 and 4705?
5
What is the greatest common factor of 1 and 22691?
1
Calculate the highest common divisor of 45 and 156945.
15
Calculate the greatest common factor of 203391 and 11664.
729
Calculate the greatest common factor of 153 and 3842.
17
Calculate the highest common divisor of 26 and 37661.
13
Calculate the highest common divisor of 28 and 107884.
28
Calculate the highest common factor